hat is -10 + 262512?
262502
In base 16, what is 1e15a9d + -2?
1e15a9b
In base 9, what is 158 + 50280?
50448
In base 6, what is 550224 - -2135?
552403
In base 11, what is 40 - -895908?
895948
In base 4, what is -133232033030 + 3?
-133232033021
In base 8, what is -46743 + -252?
-47215
In base 12, what is -9 - -68527a8?
685279b
In base 11, what is 6a50aa + -14?
6a5096
In base 7, what is -2 - 650530104?
-650530106
In base 16, what is -8bb978 - -c?
-8bb96c
In base 4, what is 12321001313 + 1?
12321001320
In base 7, what is -343 + 446041?
445365
In base 15, what is -951ecc + -2?
-951ece
In base 16, what is -1 - -108da57e?
108da57d
In base 13, what is -5 + -3b505b?
-3b5063
In base 6, what is -50433325013 + 4?
-50433325005
In base 7, what is 40002221 - 3?
40002215
In base 16, what is 14d69e6 + a?
14d69f0
In base 8, what is -20 - -5363736?
5363716
In base 15, what is 8 + 46d57a?
46d583
In base 4, what is 103012011 - 0?
103012011
In base 5, what is -4 + -1321333031?
-1321333040
In base 16, what is b32 + b01?
1633
In base 5, what is 114003231 - 331?
114002400
In base 13, what is 4b7 - -c4c12?
c53c9
In base 3, what is -1012222202 - 22?
-1020000001
In base 14, what is 17cda4c - -1a?
17cda68
In base 11, what is -576770 + -181?
-576941
In base 7, what is -6523 + 123063?
113240
In base 6, what is -20453031 + -10?
-20453041
In base 11, what is -181 - 1305728?
-13058a9
In base 7, what is 36205611 + 2?
36205613
In base 8, what is 466101 - 417?
465462
In base 13, what is -1c49b3 - 5?
-1c49b8
In base 16, what is 2f2 - 235bc?
-232ca
In base 9, what is 44405667 - 3?
44405664
In base 5, what is -14 + 220323200?
220323131
In base 15, what is -176 - 6aee?
-6c75
In base 15, what is 3e6a702 - -3?
3e6a705
In base 10, what is -6286411 - -2?
-6286409
In base 11, what is -3125114 - -3?
-3125111
In base 11, what is -a2 + 6334a?
63258
In base 10, what is 6237630 + 3?
6237633
In base 9, what is 264782 - -2040?
266832
In base 5, what is -1210241440 - 1404?
-1210243344
In base 9, what is 833838 - 35?
833803
In base 7, what is 33103241 + 6?
33103250
In base 11, what is -9 - -176563?
176555
In base 11, what is 1 + 18746a?
187470
In base 8, what is -20 + -1210022?
-1210042
In base 6, what is -22 + 113223354?
113223332
In base 14, what is -2383a75 - 5?
-2383a7a
In base 8, what is -136512576 + 1?
-136512575
In base 2, what is -10101100111001111011 + -101?
-10101100111010000000
In base 11, what is 13174726 - -3?
13174729
In base 9, what is 21318035 + -1?
21318034
In base 4, what is 2230111331102 + 123?
2230111331231
In base 9, what is 11 + 1876455?
1876466
In base 15, what is 32da3 + 3?
32da6
In base 7, what is -151611654 + 3?
-151611651
In base 6, what is 113531033 + 12?
113531045
In base 10, what is 10853001 + -10?
10852991
In base 14, what is 1765268d + 3?
17652692
In base 8, what is 546611 - -73?
546704
In base 8, what is -703 - 133102?
-134005
In base 3, what is -11212222 - 10212?
-12000211
In base 10, what is -47527 + -827?
-48354
In base 3, what is 2002102010211 - -10?
2002102010221
In base 9, what is -506001 - -1142?
-504748
In base 7, what is 21364026 + 4?
21364033
In base 2, what is 111001100 - 10001011000111?
-10000011111011
In base 15, what is 380c7 - b0?
38017
In base 15, what is -128bc2b8 + 4?
-128bc2b4
In base 8, what is -3112 - 476263?
-501375
In base 10, what is 13602 - -3086?
16688
In base 5, what is 44442222220 - -4?
44442222224
In base 4, what is 1110120132 - 22123?
1110032003
In base 8, what is 46400 + 2264?
50664
In base 2, what is 101010001001 - 101100100000?
-10010111
In base 4, what is 120111 + 1100203?
1220320
In base 6, what is 0 + -143535423?
-143535423
In base 7, what is 1502 - 163602?
-162100
In base 13, what is -5 + 509a627?
509a622
In base 16, what is -13 + -1681?
-1694
In base 2, what is -1010 - -11000001110000110110000?
11000001110000110100110
In base 14, what is -1a432a - 8?
-1a4334
In base 14, what is 3780 - -a5?
3845
In base 14, what is d802 - a1b?
cbc5
In base 2, what is 1 - 1110010110111001011100010?
-1110010110111001011100001
In base 13, what is c852b9 - -1?
c852ba
In base 2, what is 10101 + 11111100111101100010010?
11111100111101100100111
In base 2, what is -1 + 1010001001111010011?
1010001001111010010
In base 3, what is -2220002011201 - -21?
-2220002011110
In base 13, what is 3228976b + -4?
32289767
In base 5, what is 2102403333 - 4?
2102403324
In base 4, what is 1 + -11230213003?
-11230213002
In base 6, what is 14 - -2410242?
2410300
In base 15, what is 76618 + 1?
76619
In base 15, what is -6d - 250261?
-2502ce
In base 15, what is 2 - -211861b?
211861d
In base 15, what is 5e157b + -13?
5e1568
In base 11, what is 342263 - 1?
342262
In base 5, what is -111001410221 - -1?
-111001410220
In base 5, what is -10 + 414132234?
414132224
In base 5, what is 4 + -1104421232?
-1104421223
In base 16, what is -ae1d - 65?
-ae82
In base 11, what is 27768743 + 1?
27768744
In base 10, what is -38 + 12800408?
12800370
In base 16, what is -78c - -134d?
bc1
In base 9, what is 1064587831 + 3?
1064587834
In base 4, what is 11031111023 + 11?
11031111100
In base 8, what is 233 - -5137070?
5137323
In base 7, what is -121 - -243024?
242603
In base 11, what is -11285226 + -1?
-11285227
In base 2, what is 1101111100111111011111001 - 11?
1101111100111111011110110
In base 8, what is 1632 + 2430?
4262
In base 10, what is -4789322 + -5?
-4789327
In base 4, what is -11002200 - -100100?
-10302100
In base 10, what is -15 - 930?
-945
In base 14, what is 1c2c3 + -238?
1c089
In base 3, what is -120020021 - -1101012?
-111212002
In base 10, what is 9229 + -1623?
7606
In base 12, what is -261547b - -5?
-2615476
In base 4, what is -1010201223232 - -11?
-1010201223221
In base 11, what is -1197 + -419?
-1605
In base 4, what is 1222 + -2233121?
-2231233
In base 4, what is 3 - 120032020330?
-120032020321
In base 7, what is 1 - -102551346?
102551350
In base 6, what is 334033013 + -5?
334033004
In base 4, what is -1113230013121 + -10?
-1113230013131
In base 12, what is 708340 + 16?
708356
In base 6, what is -4 - 12045334422?
-12045334430
In base 8, what is 555102 + -5521?
547361
In base 16, what is -2 - 18d52db?
-18d52dd
In base 4, what is -2101312 + -2011?
-2103323
In base 13, what is -1 - -948114?
948113
In base 2, what is -10 + 101000010001001101101000010?
101000010001001101101000000
In base 2, what is 10110100110010010 + 1100001?
10110100111110011
In base 13, what is -12a + -35a6?
-3703
In base 2, what is -100 - 101010111111101001110011?
-101010111111101001110111
In base 9, what is 14888205 + 12?
14888217
In base 5, what is 1022242430 + 3?
1022242433
In base 13, what is -194 - -54a69?
548a5
In base 4, what is -3302132120013 - -3?
-3302132120010
In base 15, what is -93cc - 100?
-94cc
In base 6, what is 5031244 + 3000?
5034244
In base 4, what is -110122000211 + -1?
-110122000212
In base 2, what is 101011001000010001001 + 1111?
101011001000010011000
In base 10, what is -793 + -18838?
-19631
In base 16, what is -30674 - 44?
-306b8
In base 12, what is -b - -2a5a39?
2a5a2a
In base 4, what is -232001103 - 123311?
-232131020
In base 4, what is -1311012231123 - 0?
-1311012231123
In base 2, what is -11111011 - -100101001001110?
100100101010011
In base 7, what is -543534 + -221?
-544055
In base 5, what is 12130201 + 344?
12131100
In base 9, what is -22464111 - -2?
-22464108
In base 9, what is 17628388 - 0?
17628388
In base 11, what is -705 + -7571?
-8176
In base 13, what is 601 + -1782?
-1181
In base 14, what is 13b85b5 - 3d?
13b8576
In base 11, what is 59a6 + 14197?
1a092
In base 7, what is -22550335 - 2?
-22550340
In base 15, what is -150cc3 + -2?
-150cc5
In base 10, what is 8 - -3773486?
3773494
In base 9, what is -1833310 + 57?
-1833242
In base 12, what is -1729b8b + 2?
-1729b89
In base 7, what is -3 - 1122222363?
-1122222366
In base 2, what is 1100 + -1011100000111100111?
-1011100000111011011
In base 11, what is -a571a - 324?
-a5a43
In base 15, what is 3 - -e061895?
e061898
In base 16, what is -957e0 - 31c?
-95afc
In base 5, what is 1130 + 114234301?
114240431
In base 13, what is 13990a9 + -1?
13990a8
In base 14, what is -28a1c5 + 18?
-28a1ab
In base 6, what is -14 - 352122214?
-352122232
In base 15, what is 462e5e2 + 8?
462e5ea
In base 7, what is 0 + 51064143?
51064143
In base 6, what is 3